{"id":1013,"date":"2019-09-05T14:10:46","date_gmt":"2019-09-05T14:10:46","guid":{"rendered":"https:\/\/leitmotif.qodeinteractive.com\/?page_id=1013"},"modified":"2025-05-28T13:29:34","modified_gmt":"2025-05-28T16:29:34","slug":"get-in-touch","status":"publish","type":"page","link":"https:\/\/brunapasternak.com\/?page_id=1013","title":{"rendered":"get in touch"},"content":{"rendered":"<p>[vc_row row_content_width=&#8221;grid&#8221; css=&#8221;.vc_custom_1568377386687{padding-top: 89px !important;}&#8221;][vc_column offset=&#8221;vc_col-lg-offset-0 vc_col-lg-6 vc_col-md-offset-0 vc_col-md-12 vc_col-sm-offset-0&#8243; css=&#8221;.vc_custom_1568377480244{padding-top: 8px !important;padding-right: 6% !important;}&#8221;][vc_empty_space height=&#8221;5px&#8221;][vc_column_text]<\/p>\n<p style=\"text-align: left;\"><strong>Para propostas de trabalho, entre em contato com minha ag\u00eancia \u2014 eles s\u00e3o \u00f3timos em coisas s\u00e9rias.<\/strong><\/p>\n<p style=\"text-align: left;\"><b><br \/>\n<\/b><span style=\"font-weight: 400;\">Agora, se quiser s\u00f3 dar um oi, jogar conversa fora ou mandar uma mensagem sem motivo nenhum\u2026 o formul\u00e1rio t\u00e1 logo aqui.<\/span><\/p>\n<p>&nbsp;<\/p>\n<p style=\"text-align: left;\"><span style=\"font-weight: 400;\">Talvez eu responda, talvez eu s\u00f3 sorria lendo. Emo\u00e7\u00e3o garantida, zero promessas.<\/span><\/p>\n<p style=\"text-align: left;\"><span style=\"font-weight: 400;\">At\u00e9 j\u00e1! \u2728<\/span><\/p>\n<p style=\"text-align: left;\"><span style=\"font-weight: 400;\"><br \/>\n<\/span><span style=\"font-weight: 400;\"><em>(ou n\u00e3o, n\u00e9? vai saber)<\/em>.\u00a0<\/span><\/p>\n<p style=\"text-align: left;\"><span style=\"font-weight: 400;\">\ud83d\ude42<\/span><\/p>\n<p>[\/vc_column_text][vc_empty_space height=&#8221;33px&#8221;][vc_column_text]<a href=\"https:\/\/www.google.com\/maps\/place\/\/data=!4m2!3m1!1s0x12a4a290c7f92711:0xf1c4fe54caea04b4?source=g.page.share\"><span style=\"font-weight: 400;\">Salvador Agency<\/span><\/a><\/p>\n<p><a href=\"https:\/\/www.google.com\/maps\/place\/\/data=!4m2!3m1!1s0x12a4a290c7f92711:0xf1c4fe54caea04b4?source=g.page.share\"><span style=\"font-weight: 400;\">Avinguda de la Riera de Cassoles, 54 4\u00aa Planta<\/span><\/a><\/p>\n<p><a href=\"https:\/\/www.google.com\/maps\/place\/\/data=!4m2!3m1!1s0x12a4a290c7f92711:0xf1c4fe54caea04b4?source=g.page.share\"><span style=\"font-weight: 400;\">08012 Barcelona<\/span><\/a>[\/vc_column_text][vc_column_text]<a href=\"tel:34934160006\"><span style=\"font-weight: 400;\">+34 93 416 00 06<\/span><\/a>[\/vc_column_text][vc_column_text]<a href=\"mailto:info@salvadormodels.com\"><span style=\"font-weight: 400;\">info@salvadormodels.com<\/span><\/a><\/p>\n<p><a href=\"mailto:hello@brunapasternak.com\"><span style=\"font-weight: 400;\">hello@brunapasternak.com<\/span><\/a>[\/vc_column_text][vc_empty_space height=&#8221;13px&#8221;]<a itemprop=\"url\" href=\"https:\/\/www.instagram.com\/brupasternak\/\" target=\"_blank\">\n    <h5 class=\"edgtf-custom-font-holder  edgtf-cf-5558  edgtf-cf-hollow-effect  edgtf-cf-has-link\" style=\"display: inline-block\" data-item-class=\"edgtf-cf-5558\">\n        insta.    <\/h5>\n<\/a>\n[vc_empty_space height=&#8221;36px&#8221;][\/vc_column][vc_column offset=&#8221;vc_col-lg-offset-0 vc_col-lg-6 vc_col-md-offset-0 vc_col-md-12 vc_col-sm-offset-0&#8243; css=&#8221;.vc_custom_1568376827397{padding-top: 99px !important;}&#8221;]\n<div class=\"wpcf7 no-js\" id=\"wpcf7-f270-o1\" lang=\"en-US\" dir=\"ltr\" data-wpcf7-id=\"270\">\n<div class=\"screen-reader-response\"><p role=\"status\" aria-live=\"polite\" aria-atomic=\"true\"><\/p> <ul><\/ul><\/div>\n<form action=\"\/index.php?rest_route=%2Fwp%2Fv2%2Fpages%2F1013#wpcf7-f270-o1\" method=\"post\" class=\"wpcf7-form init\" aria-label=\"Contact form\" novalidate=\"novalidate\" data-status=\"init\">\n<div style=\"display: none;\">\n<input type=\"hidden\" name=\"_wpcf7\" value=\"270\" \/>\n<input type=\"hidden\" name=\"_wpcf7_version\" value=\"6.0.6\" \/>\n<input type=\"hidden\" name=\"_wpcf7_locale\" value=\"en_US\" \/>\n<input type=\"hidden\" name=\"_wpcf7_unit_tag\" value=\"wpcf7-f270-o1\" \/>\n<input type=\"hidden\" name=\"_wpcf7_container_post\" value=\"0\" \/>\n<input type=\"hidden\" name=\"_wpcf7_posted_data_hash\" value=\"\" \/>\n<input type=\"hidden\" name=\"_wpcf7_recaptcha_response\" value=\"\" \/>\n<\/div>\n<div class=\"edgtf-cf7-contact\">\n\t<div class=\"edgtf-grid-row edgtf-grid-normal-gutter\">\n\t\t<div class=\"edgtf-grid-col-5\">\n\t\t\t<p><span class=\"wpcf7-form-control-wrap\" data-name=\"your-name\"><input size=\"40\" maxlength=\"400\" class=\"wpcf7-form-control wpcf7-text wpcf7-validates-as-required\" aria-required=\"true\" aria-invalid=\"false\" placeholder=\"your Name\" value=\"\" type=\"text\" name=\"your-name\" \/><\/span>\n\t\t\t<\/p>\n\t\t<\/div>\n\t\t<div class=\"edgtf-grid-col-7\">\n\t\t\t<p><span class=\"wpcf7-form-control-wrap\" data-name=\"your-email\"><input size=\"40\" maxlength=\"400\" class=\"wpcf7-form-control wpcf7-email wpcf7-validates-as-required wpcf7-text wpcf7-validates-as-email\" aria-required=\"true\" aria-invalid=\"false\" placeholder=\"your Email\" value=\"\" type=\"email\" name=\"your-email\" \/><\/span>\n\t\t\t<\/p>\n\t\t<\/div>\n\t\t<div class=\"edgtf-grid-col-12\">\n\t\t\t<p><span class=\"wpcf7-form-control-wrap\" data-name=\"your-message\"><textarea cols=\"40\" rows=\"10\" maxlength=\"2000\" class=\"wpcf7-form-control wpcf7-textarea\" aria-invalid=\"false\" placeholder=\"write a message\" name=\"your-message\"><\/textarea><\/span>\n\t\t\t<\/p>\n\t\t<\/div>\n\t\t<div class=\"edgtf-grid-col-12\">\n\t\t\t<p><button class=\"wpcf7-form-control wpcf7-submit edgtf-btn edgtf-btn-small edgtf-btn-box edgtf-btn-custom-hover-color edgtf-btn-custom-hover-bg edgtf-btn-custom-border-hover\" type=\"submit\"><span class=\"edgtf-btn-text\">Send<\/span><\/button>\n\t\t\t<\/p>\n\t\t<\/div>\n\t<\/div>\n<\/div><div class=\"wpcf7-response-output\" aria-hidden=\"true\"><\/div>\n<\/form>\n<\/div>\n[vc_empty_space height=&#8221;100px&#8221;][\/vc_column][\/vc_row][vc_row row_content_width=&#8221;grid&#8221; css=&#8221;.vc_custom_1567693511497{padding-top: 52px !important;padding-bottom: 75px !important;}&#8221;][vc_column offset=&#8221;vc_col-lg-offset-0 vc_col-lg-6 vc_col-md-offset-0 vc_col-md-12 vc_col-sm-offset-0&#8243;][vc_gmaps link=&#8221;#E-8_JTNDaWZyYW1lJTIwc3JjJTNEJTIyaHR0cHMlM0ElMkYlMkZ3d3cuZ29vZ2xlLmNvbSUyRm1hcHMlMkZlbWJlZCUzRnBiJTNEJTIxMW0xOCUyMTFtMTIlMjExbTMlMjExZDE4Ny4wMzU0MTY5MjMzNDU5JTIxMmQyLjE1MDExNjIwNjQ5Nzk5MTMlMjEzZDQxLjQwNTIxNjA4NjA3OTEzJTIxMm0zJTIxMWYwJTIxMmYwJTIxM2YwJTIxM20yJTIxMWkxMDI0JTIxMmk3NjglMjE0ZjEzLjElMjEzbTMlMjExbTIlMjExczB4MTJhNGEyOTBjN2Y5MjcxMSUyNTNBMHhmMWM0ZmU1NGNhZWEwNGI0JTIxMnNTYWx2YWRvciUyNTIwTW9kZWxzJTI1MjAlMjUyNiUyNTIwQWN0b3JzJTI1MjBBZ2VuY3klMjE1ZTAlMjEzbTIlMjExc2VuJTIxMnNiciUyMTR2MTc0ODQ0OTc2NDUxMiUyMTVtMiUyMTFzZW4lMjEyc2JyJTIyJTIwd2lkdGglM0QlMjI2MDAlMjIlMjBoZWlnaHQlM0QlMjI0NTAlMjIlMjBzdHlsZSUzRCUyMmJvcmRlciUzQTAlM0IlMjIlMjBhbGxvd2Z1bGxzY3JlZW4lM0QlMjIlMjIlMjBsb2FkaW5nJTNEJTIybGF6eSUyMiUyMHJlZmVycmVycG9saWN5JTNEJTIybm8tcmVmZXJyZXItd2hlbi1kb3duZ3JhZGUlMjIlM0UlM0MlMkZpZnJhbWUlM0U=&#8221; el_class=&#8221;mapa-pb&#8221;][\/vc_column][\/vc_row]<\/p>\n","protected":false},"excerpt":{"rendered":"<p>[vc_row row_content_width=&#8221;grid&#8221; css=&#8221;.vc_custom_1568377386687{padding-top: 89px !important;}&#8221;][vc_column offset=&#8221;vc_col-lg-offset-0 vc_col-lg-6 vc_col-md-offset-0 vc_col-md-12 vc_col-sm-offset-0&#8243; css=&#8221;.vc_custom_1568377480244{padding-top: 8px !important;padding-right: 6% !important;}&#8221;][vc_empty_space height=&#8221;5px&#8221;][vc_column_text] Para propostas de trabalho, entre em contato com minha ag\u00eancia \u2014 eles s\u00e3o \u00f3timos em coisas s\u00e9rias. Agora, se quiser s\u00f3 dar um oi, [&hellip;]<\/p>\n","protected":false},"author":1,"featured_media":0,"parent":0,"menu_order":0,"comment_status":"closed","ping_status":"closed","template":"full-width.php","meta":{"footnotes":""},"class_list":["post-1013","page","type-page","status-publish","hentry"],"_links":{"self":[{"href":"https:\/\/brunapasternak.com\/index.php?rest_route=\/wp\/v2\/pages\/1013","targetHints":{"allow":["GET"]}}],"collection":[{"href":"https:\/\/brunapasternak.com\/index.php?rest_route=\/wp\/v2\/pages"}],"about":[{"href":"https:\/\/brunapasternak.com\/index.php?rest_route=\/wp\/v2\/types\/page"}],"author":[{"embeddable":true,"href":"https:\/\/brunapasternak.com\/index.php?rest_route=\/wp\/v2\/users\/1"}],"replies":[{"embeddable":true,"href":"https:\/\/brunapasternak.com\/index.php?rest_route=%2Fwp%2Fv2%2Fcomments&post=1013"}],"version-history":[{"count":18,"href":"https:\/\/brunapasternak.com\/index.php?rest_route=\/wp\/v2\/pages\/1013\/revisions"}],"predecessor-version":[{"id":3177,"href":"https:\/\/brunapasternak.com\/index.php?rest_route=\/wp\/v2\/pages\/1013\/revisions\/3177"}],"wp:attachment":[{"href":"https:\/\/brunapasternak.com\/index.php?rest_route=%2Fwp%2Fv2%2Fmedia&parent=1013"}],"curies":[{"name":"wp","href":"https:\/\/api.w.org\/{rel}","templated":true}]}}